{"id":9,"date":"2025-09-16T15:56:46","date_gmt":"2025-09-16T15:56:46","guid":{"rendered":"http:\/\/generaz.cluster100.hosting.ovh.net\/?page_id=9"},"modified":"2025-10-05T16:03:52","modified_gmt":"2025-10-05T16:03:52","slug":"presentation","status":"publish","type":"page","link":"http:\/\/generaz.cluster100.hosting.ovh.net\/index.php\/presentation\/","title":{"rendered":"PRESENTATION"},"content":{"rendered":"\n<p>L\u2019association <strong>\u00ab&nbsp;G\u00e9n\u00e9rations TRANSALL&nbsp;\u00bb <\/strong>a vu le jour le 6 septembre 2014 gr\u00e2ce \u00e0 la motivation d\u2019un groupe de passionn\u00e9s et leur envie de voir cette machine continuer \u00e0 voler notamment \u00e0 l\u2019occasion de meetings a\u00e9riens ou encore de comm\u00e9morations.<\/p>\n\n\n\n<p>Cette association a pour objet la conservation du patrimoine a\u00e9ronautique national \u00e0 travers la restauration et la pr\u00e9sentation au public d\u2019avions anciens et plus particuli\u00e8rement du Transall C 160.<\/p>\n\n\n\n<p>Son si\u00e8ge se situe sur l\u2019ancienne base a\u00e9rienne 101 de Francazal qui f\u00fbt, en 1934, la premi\u00e8re base de l\u2019arm\u00e9e de l\u2019air cr\u00e9\u00e9e \u00e0 l\u2019occasion de la naissance de l\u2019arm\u00e9e de l\u2019air et qui f\u00fbt dissoute le 1<sup>er<\/sup> septembre 2009 dans le cadre de la r\u00e9forme de la carte militaire.<\/p>\n\n\n\n<p>Le Conseil d\u2019Administration est constitu\u00e9 de 15 membres issus pour la plupart des rangs de l\u2019arm\u00e9e de l\u2019air qui se proposent de maintenir en \u00e9tat de vol un Transall C 160.<\/p>\n\n\n\n<p><\/p>\n","protected":false},"excerpt":{"rendered":"<p>L\u2019association \u00ab&nbsp;G\u00e9n\u00e9rations TRANSALL&nbsp;\u00bb a vu le jour le 6 septembre 2014 gr\u00e2ce \u00e0 la motivation d\u2019un groupe de passionn\u00e9s et leur envie de voir cette machine continuer \u00e0 voler notamment \u00e0 l\u2019occasion de meetings a\u00e9riens ou encore de comm\u00e9morations. Cette association a pour objet la conservation du patrimoine a\u00e9ronautique national \u00e0 travers la restauration et la pr\u00e9sentation au public d\u2019avions anciens et plus particuli\u00e8rement du Transall C 160. Son si\u00e8ge se situe sur l\u2019ancienne base a\u00e9rienne 101 de Francazal qui f\u00fbt, en 1934, la premi\u00e8re base de l\u2019arm\u00e9e de l\u2019air cr\u00e9\u00e9e \u00e0 l\u2019occasion de la naissance de l\u2019arm\u00e9e de l\u2019air et qui f\u00fbt dissoute le 1er septembre 2009 dans le cadre de la r\u00e9forme de la carte militaire. Le Conseil d\u2019Administration est constitu\u00e9 de 15 membres issus pour la plupart des rangs de l\u2019arm\u00e9e de l\u2019air qui se proposent de maintenir en \u00e9tat de vol un Transall C 160.<\/p>\n","protected":false},"author":1,"featured_media":0,"parent":0,"menu_order":0,"comment_status":"closed","ping_status":"closed","template":"","meta":{"footnotes":""},"class_list":["post-9","page","type-page","status-publish","hentry"],"_links":{"self":[{"href":"http:\/\/generaz.cluster100.hosting.ovh.net\/index.php\/wp-json\/wp\/v2\/pages\/9","targetHints":{"allow":["GET"]}}],"collection":[{"href":"http:\/\/generaz.cluster100.hosting.ovh.net\/index.php\/wp-json\/wp\/v2\/pages"}],"about":[{"href":"http:\/\/generaz.cluster100.hosting.ovh.net\/index.php\/wp-json\/wp\/v2\/types\/page"}],"author":[{"embeddable":true,"href":"http:\/\/generaz.cluster100.hosting.ovh.net\/index.php\/wp-json\/wp\/v2\/users\/1"}],"replies":[{"embeddable":true,"href":"http:\/\/generaz.cluster100.hosting.ovh.net\/index.php\/wp-json\/wp\/v2\/comments?post=9"}],"version-history":[{"count":2,"href":"http:\/\/generaz.cluster100.hosting.ovh.net\/index.php\/wp-json\/wp\/v2\/pages\/9\/revisions"}],"predecessor-version":[{"id":87,"href":"http:\/\/generaz.cluster100.hosting.ovh.net\/index.php\/wp-json\/wp\/v2\/pages\/9\/revisions\/87"}],"wp:attachment":[{"href":"http:\/\/generaz.cluster100.hosting.ovh.net\/index.php\/wp-json\/wp\/v2\/media?parent=9"}],"curies":[{"name":"wp","href":"https:\/\/api.w.org\/{rel}","templated":true}]}}